{"id":44,"date":"2025-09-21T21:32:51","date_gmt":"2025-09-21T20:32:51","guid":{"rendered":"https:\/\/fattestogiro.com\/?page_id=44"},"modified":"2025-09-23T12:20:23","modified_gmt":"2025-09-23T11:20:23","slug":"sotto-le-luci-di-roma","status":"publish","type":"page","link":"https:\/\/fattestogiro.com\/","title":{"rendered":"FATTE STO GIRO"},"content":{"rendered":"\n<p><\/p>\n\n\n\n<div class=\"wp-block-group alignfull has-background\" style=\"background-color:#f5eac1;padding-top:6vw;padding-right:6vw;padding-bottom:6vw;padding-left:6vw\"><div class=\"wp-block-group__inner-container is-layout-flow wp-block-group-is-layout-flow\">\n<div class=\"wp-block-group is-vertical is-nowrap is-layout-flex wp-container-core-group-is-layout-287ef9cb wp-block-group-is-layout-flex\" style=\"padding-right:0;padding-left:0\">\n<h6 class=\"wp-block-heading has-text-color\" id=\"ecosystem\" style=\"color:#000000;font-size:16px\"><\/h6>\n\n\n\n<p class=\"has-text-color\" style=\"color:#000000;font-size:6vw;font-style:normal;font-weight:700;letter-spacing:0px;line-height:0.9;text-decoration:none;text-transform:none\">UNDER LIGHTS OF ROME-Tour in 500 tra i tramonti e le luci di Roma<\/p>\n<\/div>\n\n\n\n<div style=\"height:1vw\" aria-hidden=\"true\" class=\"wp-block-spacer\"><\/div>\n\n\n\n<div class=\"wp-block-group alignwide is-vertical is-nowrap is-layout-flex wp-container-core-group-is-layout-8171334d wp-block-group-is-layout-flex\" style=\"padding-top:0;padding-right:0;padding-bottom:0;padding-left:0\">\n<div class=\"wp-block-columns alignwide is-layout-flex wp-container-core-columns-is-layout-2656d967 wp-block-columns-is-layout-flex\">\n<div class=\"wp-block-column is-layout-flow wp-block-column-is-layout-flow\" style=\"flex-basis:33.38%\">\n<p class=\"has-text-color\" style=\"color:#000000;font-size:17px\">Scegli di vivere esperienza serale tra le strade di Roma a bordo di un&#8217;originale e vissuta Fiat 500.<\/p>\n\n\n\n<p class=\"has-text-color\" style=\"color:#000000;font-size:17px\">La passeggiata avr\u00e0 una durata di 3 ore circa, ci soffermeremo in alcuni tra i pi\u00f9 affascinanti siti della romantica citt\u00e0, inizieremo dal Colosseo per poi spostarci nello splendido quartiere Aventino dove potrai godere di una poetica vista sulla Cupola di San Pietro, a seguire il Foro Romano, Trastevere e non per ultimo lo splendido Fontanone dell&#8217;Acqua Paola. Ad accompagnarvi in questa passeggiata romana dal sapore Vintage, ci sar\u00f2 io, mi chiamo Andrea e far\u00f2 del mio meglio per regalarvi un bellissimo ricordo delle affascinanti cartoline romane.<\/p>\n<\/div>\n\n\n\n<div class=\"wp-block-column is-layout-flow wp-block-column-is-layout-flow\" style=\"flex-basis:33%\">\n<figure class=\"wp-block-image size-large\"><img loading=\"lazy\" decoding=\"async\" width=\"768\" height=\"1024\" src=\"https:\/\/fattestogiro.com\/wp-content\/uploads\/2025\/09\/IMG20250804190412-1-768x1024.jpg\" alt=\"\" class=\"wp-image-52\" srcset=\"https:\/\/fattestogiro.com\/wp-content\/uploads\/2025\/09\/IMG20250804190412-1-768x1024.jpg 768w, https:\/\/fattestogiro.com\/wp-content\/uploads\/2025\/09\/IMG20250804190412-1-225x300.jpg 225w, https:\/\/fattestogiro.com\/wp-content\/uploads\/2025\/09\/IMG20250804190412-1-1152x1536.jpg 1152w, https:\/\/fattestogiro.com\/wp-content\/uploads\/2025\/09\/IMG20250804190412-1-1536x2048.jpg 1536w, https:\/\/fattestogiro.com\/wp-content\/uploads\/2025\/09\/IMG20250804190412-1-scaled.jpg 1920w\" sizes=\"auto, (max-width: 768px) 100vw, 768px\" \/><\/figure>\n\n\n\n<figure class=\"wp-block-image size-large\"><img loading=\"lazy\" decoding=\"async\" width=\"768\" height=\"1024\" src=\"https:\/\/fattestogiro.com\/wp-content\/uploads\/2025\/09\/IMG20250804172317-1-768x1024.jpg\" alt=\"\" class=\"wp-image-55\" srcset=\"https:\/\/fattestogiro.com\/wp-content\/uploads\/2025\/09\/IMG20250804172317-1-768x1024.jpg 768w, https:\/\/fattestogiro.com\/wp-content\/uploads\/2025\/09\/IMG20250804172317-1-225x300.jpg 225w, https:\/\/fattestogiro.com\/wp-content\/uploads\/2025\/09\/IMG20250804172317-1-1152x1536.jpg 1152w, https:\/\/fattestogiro.com\/wp-content\/uploads\/2025\/09\/IMG20250804172317-1-1536x2048.jpg 1536w, https:\/\/fattestogiro.com\/wp-content\/uploads\/2025\/09\/IMG20250804172317-1-scaled.jpg 1920w\" sizes=\"auto, (max-width: 768px) 100vw, 768px\" \/><\/figure>\n\n\n\n<figure class=\"wp-block-gallery has-nested-images columns-default is-cropped wp-block-gallery-1 is-layout-flex wp-block-gallery-is-layout-flex\"><\/figure>\n<\/div>\n\n\n\n<div class=\"wp-block-column is-layout-flow wp-block-column-is-layout-flow\" style=\"flex-basis:33.62%\">\n<p>Lungo il tragitto vi racconter\u00f2 Roma e se vorrete potr\u00f2 consigliarvi luoghi insoliti da poter visitare durante il vostro soggiorno. Il Tour si concluder\u00e0 con una tappa a sorpresa che ho voluto fortemente inserire nel percorso, ritengo sia la ciliegina sulla torta e qualcosa di particolare da raccontare al vostro rientro, non sar\u00e0 un semplice tour ma una bellissima e intima passeggiata sulle luci del tramonto.<\/p>\n\n\n\n<p><\/p>\n\n\n\n<figure class=\"wp-block-image size-large\"><img loading=\"lazy\" decoding=\"async\" width=\"768\" height=\"1024\" src=\"https:\/\/fattestogiro.com\/wp-content\/uploads\/2025\/09\/IMG20250804190449-1-768x1024.jpg\" alt=\"\" class=\"wp-image-54\" srcset=\"https:\/\/fattestogiro.com\/wp-content\/uploads\/2025\/09\/IMG20250804190449-1-768x1024.jpg 768w, https:\/\/fattestogiro.com\/wp-content\/uploads\/2025\/09\/IMG20250804190449-1-225x300.jpg 225w, https:\/\/fattestogiro.com\/wp-content\/uploads\/2025\/09\/IMG20250804190449-1-1152x1536.jpg 1152w, https:\/\/fattestogiro.com\/wp-content\/uploads\/2025\/09\/IMG20250804190449-1-1536x2048.jpg 1536w, https:\/\/fattestogiro.com\/wp-content\/uploads\/2025\/09\/IMG20250804190449-1-scaled.jpg 1920w\" sizes=\"auto, (max-width: 768px) 100vw, 768px\" \/><\/figure>\n<\/div>\n<\/div>\n\n\n\n<div class=\"wp-block-columns alignwide is-layout-flex wp-container-core-columns-is-layout-724a882f wp-block-columns-is-layout-flex\">\n<div class=\"wp-block-column is-layout-flow wp-block-column-is-layout-flow\" style=\"flex-basis:69%\">\n<p>Il luogo di ritiro e di fine tour sar\u00e0 la fermata della metroB Cavour, \u00e8 raccomandata la puntualit\u00e0 per la buona riuscita del percorso.<\/p>\n<\/div>\n\n\n\n<div class=\"wp-block-column is-vertically-aligned-center is-layout-flow wp-block-column-is-layout-flow\" style=\"flex-basis:33%\">\n<div style=\"height:2vw\" aria-hidden=\"true\" class=\"wp-block-spacer\"><\/div>\n\n\n\n<p class=\"has-text-color\" style=\"color:#000000;font-size:17px\"><\/p>\n\n\n\n<div class=\"wp-block-buttons is-layout-flex wp-block-buttons-is-layout-flex\">\n<div class=\"wp-block-button is-style-fill\"><a class=\"wp-block-button__link wp-element-button\" href=\"https:\/\/fattestogiro.com\/?page_id=88\">PRENOTA ORA<\/a><\/div>\n<\/div>\n<\/div>\n<\/div>\n<\/div>\n<\/div><\/div>\n","protected":false},"excerpt":{"rendered":"<p>UNDER LIGHTS OF ROME-Tour in 500 tra i tramonti e le luci di Roma Scegli di vivere esperienza serale tra le strade di Roma a bordo di un&#8217;originale e vissuta&hellip;<\/p>\n","protected":false},"author":1,"featured_media":0,"parent":0,"menu_order":0,"comment_status":"closed","ping_status":"closed","template":"","meta":{"footnotes":""},"class_list":["post-44","page","type-page","status-publish","hentry"],"_links":{"self":[{"href":"https:\/\/fattestogiro.com\/index.php?rest_route=\/wp\/v2\/pages\/44","targetHints":{"allow":["GET"]}}],"collection":[{"href":"https:\/\/fattestogiro.com\/index.php?rest_route=\/wp\/v2\/pages"}],"about":[{"href":"https:\/\/fattestogiro.com\/index.php?rest_route=\/wp\/v2\/types\/page"}],"author":[{"embeddable":true,"href":"https:\/\/fattestogiro.com\/index.php?rest_route=\/wp\/v2\/users\/1"}],"replies":[{"embeddable":true,"href":"https:\/\/fattestogiro.com\/index.php?rest_route=%2Fwp%2Fv2%2Fcomments&post=44"}],"version-history":[{"count":10,"href":"https:\/\/fattestogiro.com\/index.php?rest_route=\/wp\/v2\/pages\/44\/revisions"}],"predecessor-version":[{"id":92,"href":"https:\/\/fattestogiro.com\/index.php?rest_route=\/wp\/v2\/pages\/44\/revisions\/92"}],"wp:attachment":[{"href":"https:\/\/fattestogiro.com\/index.php?rest_route=%2Fwp%2Fv2%2Fmedia&parent=44"}],"curies":[{"name":"wp","href":"https:\/\/api.w.org\/{rel}","templated":true}]}}